 -b**3 - 5*b**2 + 4*b - 4. What is p(h)?
8
Let n(j) = -2*j + 9. Let p be n(6). Let l = 2 - p. Suppose -4*v = v - l. Let m(t) = 10*t**2 + 1. Give m(v).
11
Let z(q) be the third derivative of -q**5/60 + q**4/2 + 3*q**3/2 + 6*q**2 + 6*q. What is z(9)?
36
Let z(q) = 9*q**2 + 6*q + 13. Let c(s) = 5*s**2 + 3*s + 7. Let h be (2 + (-5)/2 + 1)*8. Let d(f) = h*z(f) - 7*c(f). What is d(-2)?
1
Suppose 0 = 3*j + 12, 0*n - n = -3*j - 12. Suppose -5*m + 25 = -n*m. Let d(v) = -v**3 + 5*v**2 + 2*v - 4. What is d(m)?
6
Let s = 49 + -46. Let z(b) = -2 + 2971*b - 2974*b - s + 2. Calculate z(-3).
6
Let d(x) = 3*x**2 + 11*x + 23. Let t(k) = -k**2 - 4*k - 8. Let c(y) = y**3 - 5*y**2 - 5*y - 12. Let r be c(6). Let q(w) = r*d(w) - 17*t(w). Calculate q(2).
-2
Let g = 480 + -483. Let v(w) = -6*w - 9. What is v(g)?
9
Let s(u) = -u**3 - 5*u**2 - 5*u - 4. Let z(w) = -w. Let q be ((-2)/(-5))/((-3)/30). Let i be z(q). Suppose -i*v - 14 = 2. Give s(v).
0
Let m = 432 - 442. Let k(y) = -y**2 - 9*y - 4. Determine k(m).
-14
Let m be 14/6 - 2/6. Suppose -w - 1 = m. Let z be ((-4)/w)/4*-6. Let y(d) = 3*d + 3. Determine y(z).
-3
Suppose -3*g = -k + 27, -2*k - 2*g - g = -36. Let i be (-11)/44 - (k/(-4))/(-3). Let t(l) = -2*l**3 - 2*l + 1. What is t(i)?
21
Let y(j) = j**3 + 6*j**2 + 5*j - 7. Let p be (-24)/((-3)/(-3)*-1). Suppose -5*d = 224 - p. Let x be (1/2)/(4/d). What is y(x)?
-7
Let h(w) be the third derivative of -w**4/12 - w**3/3 + 3730*w**2. Suppose -15 = -3*b, 2*b - b - 15 = 5*u. What is h(u)?
2
Let x be ((-10)/8*2)/((-6)/12). Let k(m) = -3*m + 11. Determine k(x).
-4
Let a(g) = -2*g**2 - 24*g - 57. Let q be a(-6). Let o(i) = 2*i - 36. Determine o(q).
-6
Let s(u) be the first derivative of -u**4/4 - u**3 + 3*u**2/2 + 4*u + 7. Let z(f) = -f**3 - f**2 + f + 3. Let t be z(0). Suppose -t = i + 1. Give s(i).
8
Let v be (-3)/(-15) - (-96)/20. Suppose c + 8 = 4*i, -2*i = v*c + 5 + 13. Let s(w) = -4 + i + 2*w - 3. Give s(6).
6
Let x(y) = 2*y - 2. Let q(f) = 3*f - 1. Let n(u) = -3*q(u) + 4*x(u). Let b(w) = 18*w + 2. Let g be b(1). Suppose -16*v + g*v = -28. Determine n(v).
2
Suppose -43 = 5*p - 2*p - b, -9 = -p + 5*b. Suppose -6 - 6 = -a. Let d = p + a. Let k(v) = 2*v + 5. Give k(d).
-3
Let l = -195 + 113. Let t = -81 - l. Let k(i) = -5*i**3 - 2*i**2 + i. Determine k(t).
-6
Let w(q) = 12*q - 50. Let l be w(5). Let f(j) = -j + 4. Determine f(l).
-6
Let i(f) = f**2 + 8*f + 8. Let n = 176 + -259. Let c = -118 - n. Let x be (-7)/c - (-31)/(-5). Calculate i(x).
-4
Let l(h) = 2*h**2 + h. Let k be 1/((-5)/(-2) - (-21)/(-14)). Calculate l(k).
3
Let m(l) = -l - 5. Let a be (-1)/(-4) - (-177)/(-4). Let n = a - -35. Determine m(n).
4
Let v(a) = a**2 + 18*a + 20. Let h be v(-17). Suppose 0 = h*r + 2 - 14. Let f(t) = -5*t + 5. Give f(r).
-15
Let i(g) = -g**3 - 2*g**2 - 3*g + 2. Suppose -2*t = x + 1, -5*t = -5*x - 21 + 1. Let n be i(x). Let k = n + -29. Let f(m) = m + 8. Determine f(k).
-1
Let f(m) = m**2 + 6*m + 4. Let u be f(-6). Let q(t) = -u - 5*t - 14 + 3*t + 14. Determine q(7).
-18
Let c(v) be the second derivative of 0 - 3/2*v**2 - 38*v + 1/2*v**3. Give c(4).
9
Let u(l) = -5*l + 12. Let b(p) = p**3 + 19*p**2 + 3*p + 65. Let z be b(-19). Determine u(z).
-28
Suppose 0 = -0*i - 2*i - 30. Let b = 17 + i. Let c be (b - 2)*4/8. Let l(j) = j**3 - j**2 - j + 4. What is l(c)?
4
Suppose 4*p - 14 = 3*p + 4*r, -p = -5*r - 19. Let a(o) = 188*o**3 - 99*o**3 - 4 + 6*o**2 - 88*o**3. Give a(p).
-4
Let t(o) be the first derivative of 3*o - 5 + 1/2*o**2. Let b = 0 + 0. Give t(b).
3
Let w(l) = -l**3 + 9*l**2 + 12*l - 14. Suppose 3*v - 19 = -2*k + 13, 2*k = 4*v - 38. Calculate w(v).
6
Let v = 16 + -14. Suppose 0 = -3*p + 6*h - v*h + 44, 4*h + 28 = p. Let u(w) = 0*w**3 + 0*w**3 + 4*w - p*w**2 + w**3 + 3*w. Give u(7).
0
Let g(f) = -f**2 - 4*f + 4. Suppose u = -3*b + 18, -5*b + 50 = 3*u + 12. Suppose -n - 3 = -u. Suppose 0 = -2*v - 0*l - n*l - 19, 0 = 2*v + 5*l + 25. Give g(v).
-1
Let x(n) = 1 - 4*n + 3*n + 3 - 2*n**2. Let m(w) = w + 1. Let u(t) = 3*t + 27. Let a(l) = 2*m(l) - u(l). Let h be a(-22). Give x(h).
-11
Suppose -2*i - 3*h = 10, -13*i - h - 10 = -11*i. Let q(t) = 2*t - 2. Give q(i).
-12
Let l be (-13)/(-3) - (-22)/33. Suppose -5*t - l = 3*g - 32, -5*g + 19 = 4*t. Let p(s) = s - 2. Calculate p(t).
4
Let y(a) = -4*a**3 + 6*a**2 + 9*a - 14. Let z(o) = 7*o**3 - 13*o**2 - 19*o + 27. Let w(b) = 5*y(b) + 3*z(b). Determine w(10).
-9
Let q(h) = 5*h**2 + 5*h - 9. Suppose 3*p = -5 + 17. Let x(z) = 11*z**2 + 11*z - 17. Let l(r) = p*x(r) - 9*q(r). Determine l(0).
13
Let j(c) be the second derivative of -2*c - 1/20*c**5 + 1/2*c**4 + 3*c**2 - 4/3*c**3 + 2. Determine j(5).
-9
Let m(t) be the third derivative of t**8/6720 + t**7/2520 - 2*t**4/3 - 14*t**2. Let y(z) be the second derivative of m(z). Give y(1).
2
Suppose 4*f + 0*f - 1 = -5*w, 25 = 5*w. Let k(z) = -z + 5. Calculate k(f).
11
Let w(j) = 0*j**2 + j + 4*j - 9 - j**2. Suppose 0 = 6*y - 0*y. Suppose y = 3*r - 7*r + 24. Determine w(r).
-15
Let u be 6/(-3*(-8)/(-60)). Let a be 15/(-6)*18/u. Let x(y) = -y + 5*y - 1 - 2*y. Calculate x(a).
5
Let y(n) be the first derivative of -n**2 + 1. Let o be (-7)/(-4) - (-9)/36. Calculate y(o).
-4
Suppose -6*k = -k - 4*s - 7, 0 = -2*k - 5*s - 17. Let z(f) = -16*f**2. Give z(k).
-16
Let r(j) = -12*j + 4. Let k be r(0). Let a be -1*3 + 3 + 2. Let v(z) = 3*z - a*z - 5 - 2*z - z. Calculate v(k).
-13
Suppose -3*x + 86 = 20. Suppose 0*l + 3*z = -2*l + 14, 5*l + z - x = 0. Let i(f) = f**3 - 4*f**2 + f - 1. Give i(l).
3
Let r(x) be the first derivative of x**4/4 + 2*x**3/3 - x**2/2 + x - 6166. Let n = -8 - -5. Calculate r(n).
-5
Suppose -3*b = -5*c - 19 - 15, 35 = -4*c + 5*b. Let x(r) = 7*r - 1. Calculate x(c).
-36
Let y(q) = q**2 + 4*q - 2. Let w(i) = -10*i - 47. Let c(n) = 3*n + 16. Let h(o) = -7*c(o) - 2*w(o). Let u be h(-14). Determine y(u).
-2
Suppose 126 = 5*d - 2*d. Let o = d + -34. Let k be (o/(-12))/(1/6). Let j(z) = -5*z + 1. What is j(k)?
21
Let f(y) = -y**2 + 6*y - 9. Suppose -h = -6*h - 20. Let a be 1/h + (-7)/(-28). Suppose a = 2*j + j - 18. Calculate f(j).
-9
Let h(q) = -q**2. Let r(u) = 94*u - 45*u - 50*u. Let a(o) = 3*h(o) + r(o). Determine a(-2).
-10
Let w(i) = -i**3 + 4*i**2 + 5*i + 1. Let t be w(5). Let l(f) = -114 - f**2 - 6*f**3 + 237 - 122. Determine l(t).
-6
Let m(v) = 3*v**2 - 11*v - 16. Let f be m(5). Let h(b) = b - 12. Give h(f).
-8
Let q(v) = -v + 15. Suppose 18*b - 2*b = b. Suppose 5*u - 23 - 42 = b. Calculate q(u).
2
Let o(q) = -q**3 - 4080 + 7*q**2 - 2*q + 4080. Calculate o(6).
24
Let h(u) = -45*u + 9. Let p(d) = -9*d + 4. Let l(y) = -y - 1. Let b(z) = 2*l(z) + p(z). Let x(k) = -9*b(k) + 2*h(k). Determine x(1).
9
Let z(b) be the third derivative of b**7/2520 + b**6/90 - b**5/20 - b**4/24 - 44*b**2. Let k(n) be the second derivative of z(n). Give k(-8).
-6
Let c(r) = -r**2 - 21*r + 3. Let u(j) = -j**2 - 19*j + 1. Let f(z) = -5*c(z) + 6*u(z). Give f(-8).
-1
Let x(n) = 10*n - 10 - 7 - n**3 + 6 + 26*n**2 - 18*n**2. Determine x(9).
-2
Let g be 0/(-1) + -4 + 5. Let b = g + -3. Let y(q) = 3 - 1 + 1 + q**2 + 2*q. Determine y(b).
3
Let j = 5 - 12. Let b = 2 + j. Let f(q) be the first derivative of -q**3/3 - 5*q**2/2 - 4*q + 19. What is f(b)?
-4
Let j(b) = -b**3 - 11*b**2 - 12*b - 16. Suppose 143*p = 151*p + 80. Calculate j(p).
4
Let i(d) = -2 + 0*d + 12*d - 13*d. Calculate i(2).
-4
Let g(a) = 4*a. Let o = -3 - -6. Suppose -u - 5 = 3*n - 1, 5*n + 16 = o*u. Let v be (-2)/(-12)*3*u. Calculate g(v).
4
Let m be -6*(-5)/(-10)*8/6. Let u(c) = -c**2 - 2*c + 13. Determine u(m).
5
Let a(f) be the second derivative of -f**5/20 - 5*f**4/12 + 7*f**3/6 - 3*f**2/2 - 19*f - 1. Give a(-6).
-9
Let u(p) = p**3 + 3*p**2 + p - 4. Suppose -36*l + 31*l = 3*b + 3, -4 = -b. Calculate u(l).
-7
Let z(t) = t - 3. Suppose l + 50 = 3*l. Suppose f = -5*q + l, -5*f + 25 + 10 = -5*q. Suppose a = -f + 6. What is z(a)?
-7
Let v(h) = 2 + h**3 + 4*h - 2*h**2 - 11 + 7*h**2 + 10 + 9. Determine v(-4).
10
Let g(c) be the second derivative of 0*c**2 - 7/6*c**3 + c + 0. Let v(m) = -m**2 - 9*m + 11. Let k be v(-10). Give g(k).
-7
Let m(k) = -18*k + 0*k**2 - k**3 + 58*k - 9*k**2 - 13*k + 5 - 21*k. What is m(-9)?
-49
Let r(d) = -2*d - 24. Let j(z) = -3*z - 35. Let h(x) = 3*j(x) - 4*r(x). Determine h(-5).
-4
Let a = 418 + -420. Let i(t) = t + 6. What is i(a)?
